 highest common factor of 219590 and 43190?
70
Calculate the greatest common factor of 6107 and 221231.
197
Calculate the highest common factor of 537426 and 1530069.
1227
What is the highest common factor of 2213380 and 3770?
130
Calculate the greatest common divisor of 10602951 and 51.
51
Calculate the greatest common factor of 34250 and 195725.
25
What is the greatest common divisor of 9436202 and 1525553?
10103
What is the highest common factor of 13772 and 15922936?
1252
What is the greatest common factor of 29146 and 8782150?
1534
What is the greatest common divisor of 4 and 12926668?
4
What is the highest common divisor of 1524 and 235315252?
508
What is the highest common factor of 185295 and 6105?
165
What is the highest common factor of 5810 and 794974?
166
Calculate the highest common divisor of 101 and 70675457.
101
What is the greatest common factor of 31779 and 137808?
297
What is the highest common factor of 3758589 and 13473?
27
Calculate the highest common factor of 35662572 and 8.
4
What is the greatest common divisor of 60060 and 8461068?
924
What is the highest common divisor of 470570754 and 46?
46
What is the highest common divisor of 942153 and 570?
57
What is the greatest common divisor of 28261 and 9794?
59
What is the highest common divisor of 69641963 and 29?
29
What is the highest common factor of 195 and 7648635?
15
Calculate the highest common factor of 16 and 515497984.
16
Calculate the greatest common factor of 4667668 and 5216.
652
What is the greatest common factor of 338762 and 5029?
107
What is the greatest common divisor of 10403 and 852339?
101
What is the highest common divisor of 93 and 934369202?
31
What is the greatest common factor of 12884 and 3764?
4
What is the greatest common factor of 14630362 and 671?
61
Calculate the highest common divisor of 20 and 209495630.
10
What is the highest common factor of 56307328 and 2816?
1408
Calculate the highest common factor of 103965 and 4135895.
1195
Calculate the greatest common factor of 6380 and 533126.
22
Calculate the greatest common divisor of 899 and 1505651.
29
What is the greatest common divisor of 17970588 and 36?
36
What is the highest common factor of 6859 and 2527361?
361
Calculate the highest common factor of 244479 and 9207273.
1077
What is the greatest common divisor of 329 and 25215218?
329
Calculate the greatest common divisor of 5992299 and 2001.
87
What is the greatest common factor of 31176946 and 2012?
1006
Calculate the greatest common factor of 6965154 and 834750.
6678
Calculate the greatest common divisor of 2796108 and 468.
12
What is the highest common divisor of 171105123 and 84?
21
Calculate the greatest common factor of 10273941 and 4326.
309
What is the greatest common factor of 154064 and 672?
16
What is the greatest common factor of 9730 and 21770?
70
Calculate the highest common divisor of 1876 and 1495067.
7
Calculate the highest common factor of 549 and 207114032.
61
What is the highest common divisor of 2577726 and 17111?
71
What is the greatest common divisor of 345726460 and 100?
20
What is the greatest common divisor of 181420 and 15950?
10
Calculate the highest common divisor of 21824811 and 238818.
2253
What is the greatest common divisor of 34378661 and 37?
37
Calculate the highest common factor of 15 and 332800905.
15
What is the highest common factor of 18 and 7596801?
9
What is the highest common divisor of 14 and 1721261?
1
What is the highest common factor of 194 and 5009371?
97
What is the highest common divisor of 28 and 36953?
7
What is the highest common divisor of 41346 and 26328214?
4594
What is the greatest common divisor of 36278973 and 8241?
123
Calculate the greatest common factor of 10608 and 18882084.
156
What is the highest common factor of 9129404 and 5886?
218
What is the greatest common factor of 2902164 and 84?
12
Calculate the greatest common factor of 7260785 and 1190.
595
What is the highest common divisor of 453 and 488208217?
151
What is the highest common divisor of 633916 and 3129148?
1444
Calculate the highest common factor of 42809 and 496096.
37
Calculate the highest common factor of 21866 and 66274.
26
Calculate the highest common factor of 5762 and 12860516.
134
Calculate the highest common divisor of 19108 and 5252452.
1124
What is the greatest common factor of 221990338 and 17974?
1634
Calculate the greatest common divisor of 1863 and 169050.
69
Calculate the highest common factor of 1455 and 53253.
291
What is the highest common divisor of 180 and 4521816?
36
What is the highest common factor of 785697 and 348?
87
What is the greatest common divisor of 41280347 and 671?
61
Calculate the highest common factor of 851 and 10746221.
23
What is the greatest common factor of 3920 and 2520070?
490
What is the highest common divisor of 31449008 and 56368?
4336
Calculate the greatest common divisor of 63043616 and 8704.
544
Calculate the greatest common factor of 245147 and 714.
7
What is the highest common divisor of 1128 and 7969?
1
What is the highest common factor of 282478 and 159754?
14
What is the highest common divisor of 104630911 and 946?
473
What is the highest common factor of 5560428 and 4148?
68
What is the highest common factor of 18411 and 9754923?
969
Calculate the greatest common divisor of 571343 and 943.
23
What is the highest common divisor of 6413 and 57719299?
121
Calculate the greatest common factor of 3190 and 191554715.
1595
What is the greatest common factor of 472 and 7663274?
118
Calculate the highest common divisor of 5787 and 11871.
9
Calculate the highest common factor of 278142 and 1317626.
302
Calculate the highest common factor of 882 and 674189775.
441
What is the highest common divisor of 48919 and 289363411?
3763
Calculate the greatest common factor of 14540798 and 62.
62
What is the greatest common factor of 3435335 and 2627?
71
Calculate the greatest common factor of 2213366805 and 130.
65
Calculate the greatest common factor of 535428 and 27801.
9
What is the greatest common divisor of 1032605 and 4130?
35
Calculate the highest common divisor of 1935564 and 6666.
606
What is the greatest common factor of 94724323 and 1003?
1003
Calculate the highest common divisor of 1196395 and 162023.
1073
Calculate the greatest common factor of 278485312 and 448.
448
Calculate the greatest common factor of 20247 and 56253.
51
Calculate the greatest common factor of 69392868 and 36.
12
What is the greatest common divisor of 405 and 62824605?
15
What is the highest common divisor of 866304 and 12361?
47
What is the highest common divisor of 25235421 and 3009?
177
Calculate the highest common factor of 240 and 75295152.
48
Calculate the greatest common divisor of 5334914 and 7254.
806
Calculate the highest common factor of 9320 and 465060.
20
What is the highest common divisor of 12266960 and 112?
16
Calculate the highest common factor of 1709 and 108.
1
Calculate the greatest common divisor of 853136 and 141939.
751
Calculate the greatest common factor of 572 and 60366956.
52
Calculate the greatest common divisor of 144 and 29849800.
8
What is the greatest common divisor of 108945 and 2655?
45
What is the greatest common factor of 32 and 1107422?
2
Calculate the highest common divisor of 294 and 128814042.
294
What is the highest common divisor of 961672 and 2792?
8
Calculate the highest common factor of 85 and 481775.
5
What is the greatest common factor of 448020 and 66540?
60
What is the greatest common divisor of 76 and 868642?
38
Calculate the highest common factor of 7137 and 626867293.
793
What is the greatest common factor of 216 and 45626922?
54
What is the greatest common factor of 48177 and 583?
53
What is the greatest common factor of 284 and 336671492?
284
What is the greatest common divisor of 352 and 1888768?
32
Calculate the greatest common divisor of 19825 and 22000.
25
What is the highest common factor of 6892785 and 2397?
141
What is the greatest common factor of 567934240 and 4109?
587
What is the highest common divisor of 207684 and 2531950?
1282
What is the greatest common factor of 2266 and 47947427?
1133
What is the greatest common divisor of 51762282 and 13420?
1342
What is the highest common factor of 59902 and 904?
2
What is the high